the highest common factor of 269336 and 12576.
1048
Calculate the highest common divisor of 147747666 and 1621.
1621
Calculate the highest common factor of 1172745 and 108.
27
What is the greatest common divisor of 2864 and 6421616?
16
What is the greatest common factor of 1396 and 2876807?
349
What is the highest common factor of 16747467 and 57?
3
What is the greatest common factor of 64918 and 43694?
14
Calculate the highest common divisor of 17709710 and 6738.
2246
What is the highest common divisor of 353659680 and 55?
55
What is the highest common divisor of 260296 and 516?
4
What is the greatest common divisor of 270047 and 1704889?
1159
What is the highest common factor of 10014340 and 23300?
4660
Calculate the greatest common divisor of 520 and 1821235.
65
What is the greatest common divisor of 272 and 6225008?
16
Calculate the highest common factor of 1582 and 32292688.
226
What is the greatest common factor of 77397388 and 26292?
1252
What is the greatest common factor of 940 and 2937923?
47
What is the highest common factor of 49357 and 12918073?
4487
Calculate the highest common factor of 10287 and 14251813.
127
What is the greatest common factor of 566661719 and 39?
13
Calculate the greatest common factor of 78931268 and 7384.
3692
What is the highest common factor of 5138994 and 744?
186
Calculate the greatest common divisor of 10635668 and 304.
76
Calculate the highest common factor of 1391 and 36682061.
1391
What is the highest common factor of 1123460 and 24128?
1508
What is the highest common divisor of 1981255 and 16685?
355
What is the highest common divisor of 25837 and 251995643?
3691
Calculate the greatest common factor of 6031 and 1436519.
163
What is the greatest common factor of 1092 and 10489206?
546
Calculate the highest common divisor of 23228579 and 527.
527
Calculate the greatest common factor of 5060 and 97751610.
2530
What is the greatest common factor of 2823 and 1906466?
941
Calculate the greatest common factor of 9639 and 33307029.
1071
Calculate the greatest common factor of 4904413 and 19.
19
What is the greatest common divisor of 15255497 and 215?
43
What is the highest common factor of 15470554 and 156134?
3322
Calculate the highest common factor of 80249532 and 132.
132
Calculate the highest common factor of 124052041 and 3057.
1019
What is the highest common factor of 331176 and 1164?
12
What is the highest common factor of 2 and 7811047?
1
Calculate the highest common factor of 5899318 and 150118.
3194
Calculate the highest common factor of 2640 and 4429227.
33
What is the greatest common factor of 123904 and 220672?
512
Calculate the highest common factor of 8869028 and 267.
89
What is the highest common divisor of 112203 and 67159729?
12467
What is the greatest common divisor of 856 and 848472?
8
What is the highest common divisor of 65 and 583105?
5
What is the highest common factor of 624 and 22338732?
156
Calculate the greatest common factor of 173430348 and 5061.
5061
Calculate the highest common divisor of 7760 and 96855.
5
Calculate the highest common divisor of 5864289 and 48.
3
What is the highest common factor of 16500460 and 4035?
1345
Calculate the greatest common factor of 1782228 and 94668.
4116
What is the highest common divisor of 29610 and 4127305?
1645
Calculate the greatest common factor of 27405 and 4803995.
1015
Calculate the greatest common factor of 8265 and 2033480.
145
What is the highest common factor of 490 and 1970?
10
Calculate the highest common divisor of 15 and 2136766755.
15
What is the highest common divisor of 360 and 24226740?
180
Calculate the greatest common factor of 9764 and 964092478.
4882
What is the greatest common factor of 2717805311 and 13?
13
What is the greatest common divisor of 901500 and 2436?
12
What is the highest common factor of 15800 and 3853304?
632
Calculate the highest common divisor of 3690376 and 16.
8
Calculate the highest common divisor of 1854 and 111204.
18
Calculate the highest common factor of 11571130 and 4379.
151
Calculate the greatest common factor of 39569041 and 211.
211
What is the highest common factor of 511895870 and 9610?
9610
Calculate the highest common divisor of 48 and 20933904.
48
Calculate the greatest common factor of 4248690 and 435.
15
Calculate the highest common divisor of 156352 and 27398245.
2443
Calculate the highest common divisor of 952557 and 664872.
6393
Calculate the greatest common divisor of 3252 and 34285023.
813
What is the greatest common divisor of 7432 and 56008?
8
Calculate the greatest common factor of 60 and 136243855.
5
Calculate the highest common factor of 108 and 56524500.
108
What is the greatest common factor of 111412 and 117047?
161
What is the highest common factor of 96559 and 414814?
433
Calculate the highest common factor of 441540 and 758340.
1980
What is the greatest common factor of 111984 and 548?
4
Calculate the highest common factor of 318 and 18585722.
106
Calculate the highest common factor of 88 and 31749091.
11
Calculate the greatest common divisor of 193962702 and 2391.
2391
Calculate the highest common factor of 53944059 and 23712.
741
Calculate the greatest common divisor of 2875976 and 17192.
2456
What is the highest common factor of 4940 and 36774595?
1235
What is the greatest common divisor of 351348641 and 329?
329
Calculate the highest common divisor of 10 and 1796365940.
10
What is the highest common factor of 2361979 and 92518?
277
Calculate the highest common divisor of 828300 and 238425.
825
Calculate the highest common divisor of 422456567 and 13.
13
What is the highest common factor of 11442 and 487?
1
What is the highest common divisor of 2890 and 1047710?
170
What is the highest common factor of 409740687 and 54?
27
Calculate the greatest common divisor of 546 and 49133.
7
Calculate the greatest common divisor of 78 and 143730743.
13
What is the highest common divisor of 527 and 232577?
17
What is the highest common factor of 2974484 and 2007991?
2143
Calculate the greatest common factor of 56 and 49688716.
28
What is the greatest common divisor of 58500 and 1136750?
250
What is the highest common factor of 11947 and 179777?
13
Calculate the greatest common divisor of 24 and 322120104.
24
Calculate the highest common factor of 276862 and 5814.
34
Calculate the highest common divisor of 3527538 and 1498.
14
What is the greatest common factor of 388456692 and 39?
39
Calculate the greatest common divisor of 91192700 and 23.
23
Calculate the highest common factor of 137987 and 93310.
43
What is the greatest common divisor of 203 and 300503?
7
What is the highest common factor of 23 and 219036659?
23
Calculate the greatest common factor of 63856035 and 60.
15
Calculate the greatest common divisor of 73092880 and 1120.
560
Calculate the greatest common divisor of 362 and 7421181.
181
What is the highest common factor of 294632049 and 1717?
1717
What is the greatest common divisor of 34277 and 1227843?
227
Calculate the greatest common divisor of 13358440 and 2564.
2564
Calculate the highest common factor of 11 and 64846.
1
Calculate the highest common factor of 18 and 268787352.
6
What is the highest common factor of 4221 and 82322766?
603
What is the greatest common divisor of 648 and 72818352?
648
What is the highest common divisor of 28916 and 114529047?
7229
What is the greatest common divisor of 34043 and 6510291?
577
Calculate the greatest common factor of 1422 and 8322255.
711
What is the highest common divisor of 118562846 and 174?
58
Calculate the highest common divisor of 22900212 and 27.
27
Calculate the greatest common factor of 14180939 and 199.
199
What is the greatest common factor of 4209 and 485499?
183
What is the highest common factor of 84 and 13391322?
42
What is the highest common factor of 1141 and 4947376?
1141
Calculate the greatest common factor of 5890731 and 114807.
1617
Calculate the highest common divisor of 95765 and 2191855.
895
What is the highest common factor of 1179216810 and 3258?
3258
What is the highest common factor of 44325137 and 51?
17
What is the highest common factor of 1450 and 31958000?
1450
Calculate the highest common factor of 4378 and 42543215.
2189
Calculate the highest common divisor of 948 and 54236739.
2